 573 is divided by 81.
6
Calculate the remainder when 21102 is divided by 179.
159
Calculate the remainder when 243832 is divided by 23.
9
Calculate the remainder when 140867 is divided by 42.
41
What is the remainder when 61107 is divided by 30523?
61
What is the remainder when 97352 is divided by 5407?
26
Calculate the remainder when 4700 is divided by 192.
92
What is the remainder when 15934 is divided by 3983?
2
What is the remainder when 3526 is divided by 17?
7
What is the remainder when 5908 is divided by 1431?
184
Calculate the remainder when 19021 is divided by 1897.
51
What is the remainder when 1041 is divided by 21?
12
Calculate the remainder when 123725 is divided by 88.
85
Calculate the remainder when 1924831 is divided by 52.
51
What is the remainder when 13256 is divided by 31?
19
What is the remainder when 1018 is divided by 81?
46
Calculate the remainder when 222491 is divided by 74155.
26
What is the remainder when 886773 is divided by 295589?
6
What is the remainder when 5837 is divided by 117?
104
What is the remainder when 120516 is divided by 10952?
44
Calculate the remainder when 397297 is divided by 5.
2
Calculate the remainder when 59876 is divided by 2222.
2104
What is the remainder when 2842 is divided by 356?
350
What is the remainder when 131620 is divided by 14?
6
Calculate the remainder when 3283 is divided by 208.
163
Calculate the remainder when 81128 is divided by 1211.
1202
Calculate the remainder when 11903 is divided by 33.
23
Calculate the remainder when 1122575 is divided by 16.
15
What is the remainder when 3213 is divided by 541?
508
Calculate the remainder when 51526 is divided by 25727.
72
Calculate the remainder when 166819 is divided by 33357.
34
Calculate the remainder when 26891 is divided by 164.
159
What is the remainder when 89012 is divided by 741?
92
What is the remainder when 13268 is divided by 6626?
16
What is the remainder when 366983 is divided by 73388?
43
What is the remainder when 4505 is divided by 2145?
215
What is the remainder when 4377 is divided by 1087?
29
What is the remainder when 2911 is divided by 594?
535
Calculate the remainder when 14157 is divided by 2010.
87
What is the remainder when 26727 is divided by 4?
3
Calculate the remainder when 44437 is divided by 34.
33
What is the remainder when 4330 is divided by 2139?
52
Calculate the remainder when 42671 is divided by 84.
83
Calculate the remainder when 4685158 is divided by 40.
38
Calculate the remainder when 862544 is divided by 3.
2
Calculate the remainder when 1362391 is divided by 416.
407
What is the remainder when 29319 is divided by 51?
45
What is the remainder when 6849 is divided by 3415?
19
What is the remainder when 4429 is divided by 261?
253
Calculate the remainder when 16375 is divided by 3275.
0
What is the remainder when 6245 is divided by 1243?
30
Calculate the remainder when 492335 is divided by 5.
0
What is the remainder when 1594 is divided by 25?
19
Calculate the remainder when 8535407 is divided by 1176.
1175
Calculate the remainder when 39330 is divided by 69.
0
What is the remainder when 1471423 is divided by 126?
121
What is the remainder when 474968 is divided by 389?
388
What is the remainder when 465 is divided by 16?
1
What is the remainder when 42620 is divided by 72?
68
Calculate the remainder when 2082 is divided by 1728.
354
What is the remainder when 318333 is divided by 318318?
15
What is the remainder when 4541 is divided by 1414?
299
What is the remainder when 3408 is divided by 198?
42
Calculate the remainder when 245354 is divided by 2251.
2246
What is the remainder when 1096241 is divided by 129?
128
Calculate the remainder when 7134 is divided by 183.
180
What is the remainder when 464970 is divided by 86?
54
Calculate the remainder when 19340 is divided by 173.
137
What is the remainder when 7398 is divided by 441?
342
What is the remainder when 3339992 is divided by 122?
120
What is the remainder when 1638 is divided by 1328?
310
What is the remainder when 26514 is divided by 288?
18
What is the remainder when 938514 is divided by 135?
129
What is the remainder when 7970 is divided by 1327?
8
What is the remainder when 750 is divided by 264?
222
What is the remainder when 8426 is divided by 608?
522
Calculate the remainder when 142626 is divided by 10971.
3
What is the remainder when 70318 is divided by 368?
30
Calculate the remainder when 35144 is divided by 17567.
10
Calculate the remainder when 23966 is divided by 30.
26
What is the remainder when 153324 is divided by 16?
12
Calculate the remainder when 13052 is divided by 147.
116
What is the remainder when 51210 is divided by 1706?
30
What is the remainder when 10414 is divided by 84?
82
What is the remainder when 52710 is divided by 47?
23
What is the remainder when 119957 is divided by 98?
5
Calculate the remainder when 51950 is divided by 86.
6
Calculate the remainder when 72954 is divided by 34.
24
What is the remainder when 1723395 is divided by 43?
41
What is the remainder when 46594 is divided by 760?
234
Calculate the remainder when 6759 is divided by 305.
49
What is the remainder when 28769 is divided by 4109?
6
What is the remainder when 51935 is divided by 24?
23
What is the remainder when 3829 is divided by 75?
4
Calculate the remainder when 9978 is divided by 4951.
76
Calculate the remainder when 183715 is divided by 447.
445
What is the remainder when 37187 is divided by 7428?
47
What is the remainder when 83843 is divided by 36?
35
Calculate the remainder when 48764 is divided by 16252.
8
What is the remainder when 94575 is divided by 33?
30
What is the remainder when 14952 is divided by 9?
3
What is the remainder when 18369 is divided by 175?
169
Calculate the remainder when 50253 is divided by 225.
78
Calculate the remainder when 656 is divided by 291.
74
What is the remainder when 612255 is divided by 11774?
7
Calculate the remainder when 919 is divided by 286.
61
What is the remainder when 29893 is divided by 1107?
4
Calculate the remainder when 33256 is divided by 223.
29
Calculate the remainder when 253840 is divided by 57.
19
What is the remainder when 826797 is divided by 150?
147
Calculate the remainder when 157456 is divided by 24.
16
What is the remainder when 2980568 is divided by 42?
38
Calculate the remainder when 7140 is divided by 7113.
27
Calculate the remainder when 467 is divided by 157.
153
Calculate the remainder when 91028 is divided by 9.
2
What is the remainder when 21182 is divided by 99?
95
What is the remainder when 795 is divided by 74?
55
What is the remainder when 223725 is divided by 24?
21
Calculate the remainder when 14187 is divided by 353.
67
What is the remainder when 541351 is divided by 392?
391
Calculate the remainder when 74525 is divided by 21.
17
Calculate the remainder when 16692 is divided by 595.
32
Calculate the remainder when 47682 is divided by 45.
27
Calculate the remainder when 16293 is divided by 39.
30
Calculate the remainder when 1673452 is divided by 69.
64
What is the remainder when 77723 is divided by 25905?
8
What is the remainder when 48805 is divided by 22?
9
Calculate the remainder when 46264 is divided by 16.
8
Calculate the remainder when 52815 is divided by 1821.
6
Calculate the remainder when 330870 is divided by 6127.
12
Calculate the remainder when 907 is divided by 684.
223
Calculate the remainder when 439 is divided by 61.
12
Calculate the remainder when 254397 is divided by 12.
9
What is the remainder when 14068 is divided by 137?
94
Calculate the remainder when 382834 is divided by 40.
34
What is the remainder when 119870 is divided by 19975?
20
Calculate the remainder when 7841 is divided by 70.
1
Calculate the remainder when 20584 is divided by 19.
7
What is the remainder when 635204 is divided by 235?
234
What is the remainder when 9103 is divided by 66?
61
Calculate the remainder when 27474 is divided by 13723.
28
Calculate the remainder when 7483 is divided by 13.
8
What is the remainder when 4665 is divided by 403?
232
Calculate the remainder when 2293 is divided by 241.
124
What is the remainder when 258813 is divided by 48?
45
Calculate the remainder when 390522 is divided by 41.
38
Calculate the remainder when 30942 is divid